 2*o**2 + 14*o + 27. What is b(-2)?
7
Let k(n) = -n**3 + 10*n**2 - 20*n - 6. What is k(3)?
-3
Let s(w) = -w**3 - 7*w**2 + 12*w + 43. Give s(-8).
11
Let g(n) = -n**2 + 15*n - 59. Determine g(7).
-3
Let n(v) = 41*v - 323. What is n(8)?
5
Let d(v) = -v**3 - v**2 + 7*v + 6. What is d(-4)?
26
Let s(y) = -3*y**2 + y + 2. Give s(2).
-8
Let l(h) = h**2 - 11*h - 4. Determine l(4).
-32
Let u(z) = -2*z**3 + 11*z**2 - 12*z + 14. Calculate u(4).
14
Let w(g) = -g**2 + 12*g - 16. What is w(10)?
4
Let p(d) = -2*d**2 + 2*d + 7. Give p(3).
-5
Let b(w) = -2*w**2 - 13*w - 16. What is b(-9)?
-61
Let d(u) = -u**3 - 13*u**2 + 15*u + 25. Determine d(-14).
11
Let z(r) = 5*r - 11. Determine z(5).
14
Let y(d) = -d**2 - 9*d - 20. Determine y(-9).
-20
Let p(w) = -w**2 - 14*w - 26. Calculate p(-10).
14
Let x(h) = -h**2 + 10*h + 16. Determine x(12).
-8
Let b(l) = -13*l**3 - 2*l**2 - 3*l - 2. What is b(-1)?
12
Let x(h) = h**3 + 5*h**2 + 2*h + 1. Determine x(-3).
13
Let s(l) = 2*l**2 - 4*l - 22. Give s(5).
8
Let j(t) = t**2 + 12*t + 15. Calculate j(-10).
-5
Let j(r) = -r - 15. Calculate j(-20).
5
Let s(r) = 2*r - 33. Determine s(15).
-3
Let s(r) = 5*r**3 - 2*r**2 + r + 2. Determine s(-2).
-48
Let t(b) = -2*b + 2. Give t(3).
-4
Let k(r) = r**3 - r**2 - 11*r + 19. Give k(5).
64
Let l(j) = -38*j - 344. Give l(-9).
-2
Let w(j) = 15*j**2 - 42*j + 42. What is w(1)?
15
Let p(l) = 6*l + 6. What is p(-9)?
-48
Let w(t) = t**2 - 18*t + 23. Calculate w(15).
-22
Let d(a) = a**3 + 5*a**2 - 8. Determine d(-4).
8
Let h(w) = w**2 + 14*w + 8. Give h(-11).
-25
Let o(x) = -13*x**2 + 53*x + 4. Calculate o(4).
8
Let u(d) = d + 14. Give u(-6).
8
Let g(n) = 2*n**2 + 8*n + 11. Give g(-3).
5
Let j(u) = u**3 + 23*u**2 + 21*u - 22. Determine j(-22).
0
Let f(n) = -n**3 + n**2 + 2*n + 2. Determine f(3).
-10
Let n(b) = 7*b + 39. Determine n(-7).
-10
Let p(y) = -y**3 + 8*y**2 + 18*y + 7. Give p(10).
-13
Let w(k) = 3*k + 13. Calculate w(2).
19
Let w(l) = l**3 + 5*l**2 - 7*l. Calculate w(-6).
6
Let y(q) = 11*q. Calculate y(-7).
-77
Let x(q) = -q**2 + 10*q - 29. What is x(6)?
-5
Let y(b) = -55*b - 160. Give y(-3).
5
Let i(o) = -30*o**2 + o + 6. Calculate i(-2).
-116
Let s(b) = -4*b + 65. Give s(19).
-11
Let b(l) = -l + 23. Determine b(4).
19
Let v(a) = -a**3 + a**2 + a + 1. Calculate v(3).
-14
Let s(i) = -6*i**3 + 2*i. Determine s(1).
-4
Let t(c) = c**2 + 18*c + 19. Calculate t(-18).
19
Let h(l) = l**3 + 2*l**2 - 5*l - 2. Calculate h(-3).
4
Let h(g) = g**3 + 25*g**2 - 2*g - 46. Determine h(-25).
4
Let f(b) = -b**3 - 15*b**2 + 9*b - 13. Calculate f(-15).
-148
Let h(p) = p - 10. What is h(13)?
3
Let l(w) = -4*w**3 + 72*w**2 - 2*w + 34. Determine l(18).
-2
Let h(c) = c**3 + 4*c**2 - 13*c - 10. Determine h(-6).
-4
Let q(p) = -7*p - 14. Determine q(-3).
7
Let k(c) = -c**3 - 26*c**2 - 27*c - 58. Calculate k(-25).
-8
Let z(n) = -3*n**2 - 6*n + 5. What is z(-5)?
-40
Let b(a) = a**3 + 20*a**2 + 5*a + 77. Determine b(-20).
-23
Let p(k) = 2*k**2 - 14*k + 8. What is p(4)?
-16
Let z(g) = 2*g**2 + 6*g + 5. Give z(-9).
113
Let c(f) = f**2 - 24*f + 96. Calculate c(5).
1
Let c(f) = -f**2 + 3*f + 22. Give c(7).
-6
Let p(m) = 4*m**2 + m + 2. Give p(-2).
16
Let n(m) = -69*m**2 - m - 1. Give n(-1).
-69
Let a(m) = 4*m + 1. Determine a(3).
13
Let m(i) = i**3 - 7*i**2 - 9*i. Calculate m(8).
-8
Let q(r) = -r + 9. Calculate q(12).
-3
Let d(c) = c**3 - c**2 - 2*c - 2. Give d(-2).
-10
Let t(k) = -k - 6. Calculate t(-2).
-4
Let v(q) = -2*q - 1. Give v(3).
-7
Let g(y) = 2*y**2 + 32*y + 16. Calculate g(-13).
-62
Let u(n) = -n**3 + 23*n**2 - n + 55. Calculate u(23).
32
Let j(s) = -17*s**2 + s. What is j(1)?
-16
Let f(q) = -q + 19. What is f(9)?
10
Let l(j) = 5*j**2 - 3. Determine l(-3).
42
Let h(y) = -y**2 + 3*y + 34. Determine h(9).
-20
Let d(y) = 19*y + 2. Determine d(-1).
-17
Let u(s) = s**3 + 4*s**2 - 35*s + 5. What is u(4)?
-7
Let y(k) = k**2 - 4*k - 2. What is y(-6)?
58
Let b(u) = -u**2 - 7*u. Give b(0).
0
Let z(k) = -k**2 + 5*k + 10. What is z(7)?
-4
Let x(l) = 9*l**3 + 2*l**2 - 1. What is x(1)?
10
Let t(s) = -s**2 + 675. Calculate t(-26).
-1
Let x(v) = -5*v - 1. Calculate x(-2).
9
Let q(f) = -f + 6. Calculate q(12).
-6
Let m(p) = -p**2 - 17*p + 157. Determine m(7).
-11
Let s(r) = r**2 - 53*r - 307. Give s(58).
-17
Let y(f) = 3*f - 10. What is y(4)?
2
Let z(l) = -l**2 + l - 1. Give z(2).
-3
Let o(l) = l**3 - 11*l**2 - 3*l + 7. What is o(11)?
-26
Let q(o) = -4*o**2 + 74*o - 34. Calculate q(18).
2
Let k(o) = -2*o**2 - 5*o. Calculate k(-4).
-12
Let l(u) = -3*u**2 + 5*u - 8. Give l(5).
-58
Let r(x) = -x**2 + 8*x - 8. What is r(7)?
-1
Let k(o) = -o**3 + 8*o**2 + 9*o + 101. Give k(10).
-9
Let l(t) = 4*t - 8. Calculate l(6).
16
Let y(t) = 130*t + 506. Give y(-4).
-14
Let q(s) = -s**3 - 4*s**2 - 2*s + 1. What is q(-4)?
9
Let b(y) = 2*y**2 - 6*y + 10. Determine b(2).
6
Let j(s) = s**3 + 2*s**2 + s + 30. Give j(0).
30
Let w(s) = -s**2 + 25*s + 313. Determine w(34).
7
Let h(p) = 12*p**2 + 9*p - 17. Give h(3).
118
Let n(y) = 2*y**3 - y**2 - 2*y - 6. What is n(0)?
-6
Let l(x) = -3*x - 35. Give l(-11).
-2
Let i(t) = 2*t**2 + 2*t - 17. What is i(5)?
43
Let n(h) = h + 12. Give n(-5).
7
Let n(m) = -3*m + 80. Determine n(34).
-22
Let v(s) = s**3 + 5*s**2 - 6*s - 2. Determine v(-5).
28
Let h(a) = 10*a**3 + a**2 - 5*a + 5. Calculate h(1).
11
Let m(x) = x. Calculate m(0).
0
Let g(l) = -l**2 + 4*l + 3. Calculate g(10).
-57
Let i(n) = -13*n**2 + 7*n - 11. Determine i(2).
-49
Let y(q) = q**3 + q**2 + q + 6. Give y(-3).
-15
Let v(r) = r**2 - 10*r - 8. Calculate v(11).
3
Let t(a) = -2*a**3 + 3*a**2 + a. What is t(-3)?
78
Let t(u) = u**3 - 2*u**2 - 3*u + 8. Determine t(3).
8
Let i(s) = -s**3 + 7*s**2 + 13*s - 10. Give i(8).
30
Let n(y) = -y**3 + 8*y**2 + 7*y + 5. What is n(9)?
-13
Let d(z) = 2*z + 30. Give d(-14).
2
Let g(w) = -60*w - 27. Calculate g(0).
-27
Let r(m) = 18*m - 198. What is r(13)?
36
Let l(o) = -o**2 + 7*o - 15. Determine l(-11).
-213
Let q(c) = 2*c**2 - 75*c - 286. Determine q(41).
1
Let x(s) = -s**3 + 3*s**2 - 3*s + 3. Calculate x(3).
-6
Let k(a) = -2*a**2 - 82*a + 7. What is k(-41)?
7
Let h(x) = -x**3 + 6*x**2 - 6*x + 21. What is h(6)?
-15
Let k(a) = a**2 - 10. Calculate k(-4).
6
Let w(r) = -r**3 - 2*r**2 + 9*r + 6. Calculate w(-3).
-12
Let n(y) = 41*y + 763. What is n(-19)?
-16
Let f(h) = 13*h**2 + 3. Determine f(2).
55
Let p(d) = d**3 - 3*d**2 - 4*d - 1. What is p(3)?
-13
Let f(g) = g + 4. Give f(-15).
-11
Let u(y) = y**3 + 14*y**2 + 4*y + 58. Calculate u(-14).
2
Let v(c) = c**3 + 13*c**2 + 9*c - 15. What is v(-12)?
21
Let f(q) = q**2 - q + 2. Give f(2).
4
Let g(b) = -3*b + 18. Give g(-7).
39
Let r(v) = v**3 - 14*v**2 - 14*v - 18. Determine r(15).
-3
Let h(v) = v**2 + 10*v + 18. Give h(-8).
2
Let i(f) = -2*f**2 - 8*f - 10. Determine i(-2).
-2
Let y(l) = -3*l**2 + 31*l + 52. Give y(12).
-8
Let q(k) = -3*k**3 + 11*k**2 + 5*k + 6. Calculate q(4).
10
Let b(p) = 2*p**2 - 11*p - 37. Determine b(-4).
39
Let a(n) = 2*n**3 + 4*n**2 + 4*n + 3. Give a(-2).
-5
Let l(x) = 2*x**3 - 16*x**2 + 18*x - 25. Calculate l(7).
3
Let u(j) = -j**3 - 5*j**2 - 7*j - 31. Determine u(-5).
4
Let u(c) = -c**2 + 3*c - 4. Determine u(-3).
-22
Let c(b) = b**3 + 16*b**2 + 13*b - 12. Determine c(-15).
18
Let p(j) = 2*j**3 + 6*j**2 - 8*j - 1. What is p(-4)?
-1
Let t(l) = -l + 7. Give t(-10).
17
Let p(y) = 8*y + 9. Calculate p(-4).
-23
Let r(l) = l + 14. Calculate r(0).
14
Let g(i) = -34*i**2 + 1. What is g(-1)?
-33
Let o(f) = 16*f - 100. What is o(6)?
-4
Let x(i) = -i**3 + 11*i**2 - 5*i - 17. Give x(11).
-72
Let l(m) = -m**3 - 9*m**2 + 28*m + 23. Calculate l(-11).
-43
Let u(k) = 2*k. Give u(-1).
-2
Let c(p) = 2*p**2 - p - 3. What is c(2)?
3
Let y(r) = -6*r - 17. Determine y(-7).
25
Let b(z) = -z**3 - 9*z**2 - 13*z - 125. Determine b(-9).
-8
Let g(t) = t**2 + 2*t - 1. Calculate g(1).
2
Let c(x) = -x**2 - x + 6. Calculate c(3).
-6
Let b(f) = -3*f + 1. Determine b(0).
1
Let o(l) = l + 21. What is o(-12)?
9
Let r(b) = -b**3 - 4*b**2 + b + 5. Calculate r(-3).
-7
Let k(i) = -3*i**2 - 34*i - 6. Give k(-10).
34
Let o(g) = g**2 + 10*g + 11. What is o(-8)?
-5
Let d(z) = z**3 - 2*z**2 - 15*z - 3. What is d(-3)?
-3
Let v(s) = -s**3 + 8*s**2 - 12*s - 4. What is v(6)?
-4
Let z(i) = -4*i + 5. What is z(6)?
-19
Let x(i) = -42*i + 2. Determine x(-1).
44
Let r(y) = 9*y - 137. Give r(16).
7
